5. Suppose -k - 8 = 4*x, 2*k + 6 - 23 = 3*x. What is q(k)?
1
Let f(j) = j**2 + j + 4. Suppose 57*s = 59*s. Give f(s).
4
Let o be (10/15)/(4/18). Let x(v) = -5*v**2 + 5*v + 3*v**o - 1 - 3*v**3 + v**3. Let b be (7 - 1)/((-3)/(-2)). Determine x(b).
3
Let d(l) be the first derivative of -l**3/3 - 5*l**2/2 - 4*l + 5. Suppose 4 = -3*p - 4*j - 7, j = 4*p + 21. Give d(p).
-4
Let h(m) be the first derivative of -m**2 - 6*m + 1. Let d be h(-5). Suppose 0 = 2*p - 6 + d. Let w(x) = -4*x**3 - x + 1. What is w(p)?
-4
Let u(p) = -p - 1. Suppose 4*a + k - 4 = -4*k, 0 = 5*a + 3*k + 8. Calculate u(a).
3
Let a(o) be the first derivative of -o**3/3 + 5*o**2/2 - 4*o + 2. Let q be a(3). Let t(j) be the first derivative of -3*j**2/2 - 2*j + 10. What is t(q)?
-8
Let g(i) = i**3 - 2*i**2 + 4*i - 2. Let m = -41 - -43. Give g(m).
6
Let g(t) = 2*t - 6. Let y(h) = -2*h + 2. Let x(q) = -8*q + 9. Let w(l) = 2*x(l) - 9*y(l). Let s be w(-2). Let f be ((-4)/(-6))/(s/(-30)). Calculate g(f).
4
Let s(n) be the third derivative of -6*n**2 + 0 + 0*n - 2/3*n**3 - 5/24*n**4 - 1/60*n**5. Give s(-6).
-10
Let v = -3 + 4. Let g be (-1)/((-1)/3) - 1. Let n(j) = -4 + 2*j**g + j**2 + 3. Calculate n(v).
2
Let t = -4 + 6. Let z = t + -2. Let s be (z/(-3))/((-2)/2). Let y(x) = x**3 - x**2 - x - 2. Give y(s).
-2
Let w(k) = -k**2 - 5*k - 2. Let v = -29 + 21. Let l(m) = -m**3 - 8*m**2 + 5. Let o be l(v). Suppose -o*g - 17 = -2. Determine w(g).
4
Let w(s) be the third derivative of -s**4/8 + s**3 - 4*s**2. Suppose -4 = -4*g + 4*u, 2 = 3*g - u - 7. What is w(g)?
-6
Suppose -5*n + 20 = 5*y, n = -2*y + 6*n - 13. Let k(f) = -3*f**3 - f + 1. Give k(y).
-3
Let t(b) = b**2 - 3*b - 3. Suppose 0 = -3*u + 6*u - 21. Suppose -10 = 5*k, 3*m - k + u - 3 = 0. What is t(m)?
7
Suppose -2 = 11*m - 13*m. Let s(a) = -10*a**3 - a**2 - a + 1. What is s(m)?
-11
Suppose 4*u + 2*g - 6*g + 20 = 0, 4*u - 3*g + 15 = 0. Suppose u*r + 10 = r - 5*j, -2*r = -5*j - 10. Let k(s) = r*s**3 + 0 + 1 + 0*s**3 - s**3. What is k(1)?
0
Let o(m) = -2*m - 5. Let s = 2 + -7. Let n be o(s). Suppose p + 5 = -4*k + 3, 5*p = -5*k + n. Let q(t) = 3*t**2 - 2*t. What is q(p)?
8
Let h(f) be the first derivative of -1/4*f**4 + 8 + 2*f**3 + 7/2*f**2 - 5*f. What is h(7)?
-5
Suppose -3*a = -0*a - 18. Let w(j) = j**3 - 7*j**2 + 7*j - 9. Calculate w(a).
-3
Let u(b) be the second derivative of 1/2*b**2 + 0 - 1/6*b**3 + 0*b**4 + 3*b - 1/20*b**5. Let h be (2/(-5))/((-1)/5). Determine u(h).
-9
Let o(n) = -n - 5. Suppose 2*a - 19 = 1. Let w be (12/15)/((-2)/a). Calculate o(w).
-1
Let v(p) = p**3 + p**2 + p - 1. Let b be 3/18 - 85/(-30). Suppose -4*y = -d + 8, -3*y - b*d - 6 = -7*d. Give v(y).
-7
Let o be 1/(-1)*(4 + -9). Let h(x) = -14*x + 29. Let f(m) = -5*m + 10. Let u(n) = -11*f(n) + 4*h(n). What is u(o)?
1
Let c(h) = h + 11. Suppose 2*p = -13 - 1. Determine c(p).
4
Let s(b) = -b**3 + 15*b**2 - 14*b + 6. Suppose 3*q - 38 = 4. Give s(q).
6
Let c(f) = -f**3 - 5*f**2 + 7*f + 8. Let b be c(-6). Suppose 3*t - t - b*q = -6, -31 = -3*t - 5*q. Suppose 0*l + t = l. Let z(s) = -2*s. Give z(l).
-4
Suppose d = -0*d. Let j(c) = -c**2 - 1 - 1 - 1 + 2 - c**3. Calculate j(d).
-1
Let m(c) = -c - 1. Let a be m(-4). Let d(x) = 2 - 13*x**a + 5*x**3 + 9*x**3 + 6*x**2 + 4*x. Give d(-5).
7
Let j be 0 + (-51)/(-12) - (-3)/(-12). Let k(n) = -n + 3. Calculate k(j).
-1
Let l(q) be the first derivative of -q**3/3 - 5*q**2/2 + 9*q - 10. Determine l(-7).
-5
Suppose 5*j - 3*j + 22 = 0. Let g = j + 15. Suppose -l = g*l + 20. Let b(h) = h**2 + 4*h - 3. Give b(l).
-3
Let d = 101/20 - 5. Let a(l) be the second derivative of 2/3*l**3 - 5/12*l**4 + 0 + 2*l - 1/2*l**2 + d*l**5. Give a(4).
-1
Let t(h) = -5*h - 3. Let g be (-5 + 2)*(1 + 0). Determine t(g).
12
Let b be -2*((-1)/(-2))/1. Let v(c) be the first derivative of -2*c**3/3 - 2*c**2 + 3*c - 7. Let x(q) = 2*q**2 + 3*q - 2. Let l(z) = 2*v(z) + 3*x(z). Give l(b).
1
Let z(u) be the first derivative of u**3/3 + u**2/2 - u - 7. Let q be 2*(-1)/(-4)*2. What is z(q)?
1
Let l(d) be the second derivative of -d**6/120 - d**5/15 - d**4/6 + d**3/6 + d**2/2 + 3*d. Let b(z) be the first derivative of l(z). What is b(-3)?
4
Let b(n) = n**3 - n. Let l be 30/(-10)*2/6. Give b(l).
0
Let l(w) be the second derivative of -w**4/12 + 4*w**3/3 - 5*w**2/2 + 37*w. Determine l(6).
7
Let c(m) = -m - 12. Let p = 2 - -5. Suppose -p*i = -3*i - 4, 3*i = -3*r - 15. Determine c(r).
-6
Let o(c) = -c - 4. Let x be o(2). Let m(h) = -h**3 - 6*h**2 + 2*h + 4. Determine m(x).
-8
Let m(g) = g - 1. Suppose -2*h = -8, 2*x + 0*x = -4*h + 30. Give m(x).
6
Let y(g) = 6*g + 4. Let f = -4 - -7. Let v(x) = -3*x - 2. Let j(s) = f*y(s) + 5*v(s). What is j(-3)?
-7
Suppose -10 = 5*x - 0*x. Let b(h) = h - 1 + 0*h - 1 + 3. Let v(f) = -2*f**2 - 8*f - 7. Let p(s) = -6*b(s) - v(s). Give p(x).
5
Let u(c) be the third derivative of -c**6/120 - c**4/24 + 2*c**2. What is u(-1)?
2
Let z(k) = 9*k**3 - k**2 + k - 1. Let x = 2 - 0. Let l(f) = f - 1. Let m be l(x). Determine z(m).
8
Let c(b) = b**2 + 2*b. Let k = 0 - -4. Suppose v = -k*a - v, 5*v = 20. Calculate c(a).
0
Suppose d - 2*k + 4 + 9 = 0, -5*d - k = 21. Let f = d - -8. Let l(w) = w**3 - 3*w**2 + 2*w + 1. What is l(f)?
7
Let f(p) be the second derivative of p**5/20 + p**4/4 - p**3 - p**2 + 10*p. Let l be 6/((18/4)/(-3)). What is f(l)?
6
Let o(l) = l**3 + l**2 - 2 + 4 - 2 - 3*l + 2. What is o(-3)?
-7
Let z(h) = -h**3 + 5*h**2 + 4. Suppose -2*r = -5*r, 4*q = 5*r + 20. Give z(q).
4
Let q(r) = -r**3 + 5*r**2 - r + 4. Suppose -27 = -4*w - 7. Suppose 2*g + s = -2*s - 5, 0 = -3*g - w*s - 10. Calculate q(g).
-1
Let c(y) = -15*y**2 + 1. Let u = -50 + 51. What is c(u)?
-14
Suppose -t + 4 = 3*t, 4*a + 2*t = 14. Suppose 0 = -4*u + a + 21. Let p(y) = -y + 2. Calculate p(u).
-4
Suppose o = -0*o - 3*y - 9, -4*y = 2*o + 12. Let f(k) be the first derivative of k**4/4 - k - 28. Give f(o).
-1
Suppose -44 + 4 = -4*g. Suppose -2*a + g = 2*k - 0*a, -5*a + 21 = 3*k. Let r(x) = -x - 3*x**2 - 4 + 2*x**k + 0 + 3. Determine r(-1).
-1
Suppose -i - 4*i - 3*l - 33 = 0, -3*i - 13 = -5*l. Let s(r) = r**2 + 9*r + 6. What is s(i)?
-12
Let s(u) be the second derivative of u**5/20 + u**2 + 5*u + 6. Give s(-2).
-6
Let s(n) = -5 + 3*n + 0*n - n. Suppose -5*u + 0 = 2*i - 13, 3*i - 2*u - 10 = 0. What is s(i)?
3
Let j(s) be the second derivative of 5*s**4/12 + s**2/2 - s. Give j(-1).
6
Suppose 3*x + 3*x = 18. Let j(i) be the second derivative of 1/6*i**3 + 0 - 5*i**2 - x*i. Calculate j(5).
-5
Let c(x) = 0 - x**2 + 6 + x**3 + 4*x + 6*x**2. Give c(-4).
6
Let l(j) = -3*j - 6. Suppose -s - 3*s + 144 = 4*x, 3*x + 12 = 0. Let o be ((-1)/(-2))/((-5)/s). Calculate l(o).
6
Let x(l) = l**3 + l**2 - l + 2. Let g = 9 + -11. Determine x(g).
0
Suppose -5*b + 2 = 2*x, -4*b + 14 - 2 = -x. Let d be (-2)/8 - 14/8. Let c be (-1 - -1)*d/x. Let z(r) = r - 10. Calculate z(c).
-10
Let l be (-4)/(-3) + (-21)/9. Let a(p) = 6*p**2 + 1. Give a(l).
7
Let v(g) = -g**3 + g**2 + 1. Let w(u) = u**3 - 2*u**2 + u - 1. Let p be w(2). Let b = p + -1. Suppose -12 = -5*h + 4*d, b*d = d + 3. What is v(h)?
1
Let t be (-6)/36 - 1/(-6). Let c(p) = t + 4*p + 1 - 3 - 5*p. Calculate c(3).
-5
Let j(u) = u**2 - 2. Let h(w) = 2*w + 3. Let l(y) = -2*y + 3. Let n be l(3). Let t be h(n). Let a = -3 - t. What is j(a)?
-2
Let w(b) be the first derivative of -4*b + 2 + b**2 + 3*b - 2*b + 5. Determine w(6).
9
Let b be (0 - 1)/((-781)/99 + 8). Let p(a) = -a**3 - 9*a**2 + 11. Determine p(b).
11
Let y(i) be the second derivative of i**4/12 - i**2 - 2*i. Suppose 0 = 5*f - p + 7, -3*f + 6 = -2*p - 2*p. Give y(f).
2
Suppose z - 1 - 7 = -3*v, 3*v + 2*z - 4 = 0. Suppose -v*o - 2*d + 7 + 1 = 0, 4*o - 8 = 3*d. Let b(s) = 2*s**2 - 2*s + 1. Determine b(o).
5
Suppose 4*b + 3*v - 3 - 2 = 0, -2*v = 4*b - 10. Suppose 0 = q + 3*n + 11, -5*n = -3*n + 10. Let f(u) = -4 - 5 + u**2 + q - 2*u. What is f(b)?
10
Suppose 0*x = l - x - 1, -2*l = -4*x - 10. Let i(q) be the third derivative of -q**4/24 - q**3/6 + 4*q**2. What is i(l)?
2
Let h(x) = x - 3*x - 6*x**2 + 11*x - x**3 + 4 - x**2. Calculate h(-8).
-4
Let p = 1 - 0. Let r(t) = -p + 4*t + 2 - t**2 - 5 + 1. Determine r(4).
-3
Let s(o) = -6*o - 1. Suppose -4*u = 0, -6*l + 11*l - 5*u - 5 = 0. Calculate s(l).
-7
Let i(d) = 2*d**3 - 4*d**2 + 5*d + 2. Let n(o) = -o**3 + 3*o**2 - 5*o - 2. Let t(g) = 2*i(g) + 3*n(